736
What is 3548 (base 9) in base 4?
221030
What is -3141 (base 5) in base 9?
-517
What is 11111000 (base 2) in base 3?
100012
What is -214 (base 10) in base 16?
-d6
2063 (base 16) to base 7
33113
What is 1c9 (base 13) in base 6?
1314
46466 (base 8) to base 7
111425
12323121 (base 4) to base 3
1102221000
23413 (base 7) to base 9
8247
Convert -21363 (base 11) to base 7.
-156340
-1012213 (base 4) to base 5
-121034
What is 18070 (base 10) in base 4?
10122112
2221 (base 6) to base 10
517
-525a (base 12) to base 10
-8998
What is -4967 (base 10) in base 3?
-20210222
Convert 59d (base 15) to base 16.
4f9
-22322 (base 4) to base 6
-3122
Convert -1022020 (base 3) to base 6.
-4223
Convert 381e (base 16) to base 8.
34036
Convert -4445 (base 8) to base 16.
-925
Convert -11540 (base 8) to base 3.
-20210201
Convert -1533 (base 7) to base 4.
-21210
What is 102113 (base 4) in base 12?
81b
Convert 11110100 (base 3) to base 13.
162c
What is 45a (base 13) in base 3?
1000211
-35231 (base 6) to base 3
-20221101
Convert -272 (base 11) to base 7.
-636
-3034 (base 9) to base 12
-134a
-12240 (base 7) to base 16
-c8d
Convert -11010001011001 (base 2) to base 12.
-7909
Convert -685 (base 13) to base 2.
-10001100011
-52d (base 14) to base 4
-33331
Convert -bebb (base 16) to base 3.
-2110222102
Convert b2de (base 15) to base 3.
1220211102
What is 51777 (base 10) in base 2?
1100101001000001
21030 (base 4) to base 14
300
-34c2 (base 15) to base 2
-10101111000111
What is 9042 (base 11) in base 6?
131401
What is -8591 (base 10) in base 2?
-10000110001111
What is 5849 (base 10) in base 9?
8018
-60da (base 15) to base 16
-4fe7
Convert 3ab0 (base 12) to base 7.
25461
What is 1827 (base 9) in base 16?
57a
-1000110101010 (base 2) to base 10
-4522
-310120 (base 6) to base 13
-b2cb
Convert -1933a (base 12) to base 7.
-212122
What is 264 (base 11) in base 13?
1b0
What is ad (base 15) in base 4?
2203
Convert 1110101111111 (base 2) to base 6.
54543
1010210 (base 3) to base 7
2265
What is 25122 (base 6) in base 8?
7212
Convert -20210 (base 3) to base 14.
-d1
-7 (base 9) to base 4
-13
Convert -3243 (base 5) to base 13.
-286
What is -11c (base 14) in base 2?
-11011110
41295 (base 10) to base 9
62573
-1d5d (base 14) to base 10
-5375
-13231 (base 11) to base 10
-18910
Convert 1213201 (base 4) to base 16.
19e1
What is 110110111001 (base 2) in base 5?
103023
Convert 14604 (base 7) to base 5.
112241
Convert -23470 (base 11) to base 9.
-51365
-1767 (base 8) to base 12
-707
What is -11b5 (base 14) in base 7?
-12015
Convert -1100110000 (base 2) to base 15.
-396
-1424 (base 6) to base 9
-457
4565 (base 11) to base 12
3580
What is -1002302 (base 4) in base 3?
-12212022
What is 11786 (base 13) in base 9?
47862
What is 783a (base 11) in base 10?
10328
-53260 (base 8) to base 2
-101011010110000
11ab7 (base 12) to base 2
101110111101011
What is 13203103 (base 4) in base 15?
9271
What is -206223 (base 7) in base 9?
-54073
-2 (base 9) to base 8
-2
Convert 739 (base 15) to base 11.
1251
What is 7e (base 15) in base 6?
315
What is -564 (base 8) in base 15?
-19c
68 (base 11) to base 10
74
-54554 (base 8) to base 10
-22892
20301 (base 4) to base 8
1061
What is 33323123 (base 4) in base 8?
177333
Convert 3614 (base 9) to base 14.
d9c
92 (base 10) to base 3
10102
Convert -5406 (base 13) to base 15.
-36cc
-1203 (base 16) to base 14
-1975
What is 1313331 (base 4) in base 13?
3657
-10313 (base 4) to base 16
-137
What is 320322 (base 5) in base 14?
3c92
-2006 (base 11) to base 5
-41133
What is -8167 (base 9) in base 7?
-23263
-540 (base 9) to base 15
-1e6
Convert 167a (base 13) to base 5.
101222
Convert -133545 (base 7) to base 2.
-110001011100101
What is -1431 (base 8) in base 13?
-490
Convert 172 (base 11) to base 6.
532
Convert -11010110 (base 2) to base 8.
-326
21152 (base 7) to base 8
12157
Convert 4703 (base 9) to base 3.
11210010
Convert 418 (base 12) to base 7.
1511
-1781 (base 12) to base 9
-3787
What is -130152 (base 6) in base 11?
-88a6
2111130 (base 4) to base 2
10010101011100
Convert 9898 (base 10) to base 4.
2122222
What is 10010001 (base 3) in base 13?
1057
Convert -c73 (base 13) to base 16.
-84a
-25131 (base 7) to base 9
-10030
Convert -836 (base 12) to base 7.
-3324
1bca7 (base 13) to base 12
27925
-468 (base 13) to base 11
-633
Convert -2e4 (base 15) to base 7.
-1636
What is -460 (base 13) in base 4?
-23302
11111101 (base 2) to base 7
511
47 (base 8) to base 15
29
What is -2501 (base 6) in base 15?
-2ad
What is -580 (base 9) in base 6?
-2113
11100101011 (base 2) to base 6
12255
3400 (base 5) to base 12
337
What is 1223 (base 8) in base 7?
1631
Convert 200223 (base 5) to base 15.
1d0d
-21002120 (base 3) to base 4
-1100310
What is -6 (base 10) in base 16?
-6
-20726 (base 8) to base 16
-21d6
What is 320233 (base 4) in base 15?
1121
Convert 11001000000 (base 2) to base 9.
2167
What is -2100121 (base 3) in base 9?
-2317
Convert -3939 (base 11) to base 10.
-5124
Convert 1010110111010011 (base 2) to base 14.
12307
1352 (base 14) to base 5
102104
50773 (base 9) to base 6
414450
What is -229b2 (base 14) in base 12?
-40900
a71 (base 12) to base 14
7ad
What is -2b69 (base 13) in base 9?
-8624
Convert 21200021 (base 3) to base 8.
12734
22654 (base 13) to base 14
18b55
What is 1122 (base 3) in base 16?
2c
Convert -314 (base 7) to base 5.
-1113
b4d5 (base 15) to base 7
216305
-10000000001 (base 2) to base 3
-1101222
Convert 330 (base 13) to base 15.
266
234 (base 7) to base 2
1111011
Convert -301 (base 9) to base 3.
-100001
-2155 (base 8) to base 16
-46d
Convert -56ed (base 16) to base 14.
-8177
-10100100010000 (base 2) to base 12
-6100
-52 (base 14) to base 11
-66
What is 240004 (base 5) in base 8?
21062
Convert -15bc (base 16) to base 5.
-134224
What is -3231 (base 11) in base 14?
-17ad
What is -5c76 (base 13) in base 7?
-53136
Convert 372 (base 14) to base 15.
30d
What is -10570 (base 8) in base 9?
-6118
-424124 (base 5) to base 9
-21536
-217103 (base 8) to base 15
-16aa8
Convert 22304 (base 5) to base 9.
2144
-2630 (base 8) to base 5
-21212
-833 (base 9) to base 8
-1246
1215 (base 8) to base 9
805
Convert -5e2 (base 15) to base 11.
-1006
What is 202000210 (base 3) in base 13?
6852
Convert 14 (base 7) to base 9.
12
-494 (base 12) to base 10
-688
Convert 3069 (base 14) to base 4.
2002011
What is -8605 (base 12) in base 5?
-432233
What is 3f57 (base 16) in base 5?
1004330
What is 274 (base 14) in base 12?
352
What is -176054 (base 8) in base 4?
-33300230
401 (base 12) to base 3
210101
1043452 (base 6) to base 3
2200020112
Convert 303 (base 12) to base 8.
663
-641 (base 7) to base 2
-101000011
-2a (base 15) to base 16
-28
Convert -3136 (base 9) to base 5.
-33201
ee7 (base 16) to base 11
2959
23653 (base 8) to base 7
41415
What is 37652 (base 9) in base 11?
18028
121202 (base 3) to base 12
318
4761 (base 9) to base 15
10ad
What is -34 (base 12) in base 3?
-1111
What is 726 (base 10) in base 5?
10401
Convert -1add (base 14) to base 9.
-6643
-1214 (base 13) to base 4
-213320
101010111 (base 2) to base 12
247
Convert -42435 (base 6) to base 9.
-7835
-244412 (base 5) to base 9
-13746
Convert -2023 (base 5) to base 7.
-524
103c (base 13) to base 14
b68
-11001011011 (base 2) to base 11
-124a
Convert -1101121 (base 3) to base 11.
-843
Convert -2222220010 (base 3) to base 12.
-2a163
What is 1000212 (base 3) in base 9?
1025
What is -2b86 (base 12) in base 2?
-1010000010110
Convert 888b (base 14) to base 9.
35380
14466 (base 8) to base 9
8761
What is -62 (base 15) in base 9?
-112
Convert -100001011011010 (base 2) to base 5.
-1021424
-1cc (base 13) to base 16
-151
What is -130 (base 8) in base 3?
-10021
10101 (base 2) to base 12
19
7447 (base 8) to base 11
2a07
What is 286 (base 11) in base 8?
520
What is 3612 (base 8) in base 12?
114a
Convert 55311 (base 6) to base 13.
3655
4441 (base 8) to base 2
100100100001
Convert 5c6 (base 15) to base 8.
2437
419 (base 12) to base 14
309
Convert 5245 (base 6) to base 5.
14211
What is 100 (base 5) in base 3?
221
Convert -38038 (base 10) to base 5.
-2204123
What is -16478 (base 9) in base 14?
-41b4
3371 (base 15) to base 7
43540
-45 (base 12) to base 2
-110101
What is 52e (base 15) in base 6?
5225
What is -10100000001011111 (base 2) in base 3?
-11011111121
-77 (base 14) to base 10